s the units digit of d?
9
Suppose -g = -3*f + 8, g + 0*g = -4*f - 1. Let k(m) = 16*m - 1. What is the units digit of k(f)?
5
Let k(p) = 3*p**2 - p. Let j be k(-1). Suppose -2*o + 24 = -j. What is the tens digit of o?
1
What is the tens digit of -1 - -166 - (4 - 2)?
6
Suppose 4*u - 7 = -f, -5*f + 10*f + 31 = 2*u. What is the units digit of u?
3
Let l(y) = -y**3 - 10*y**2 - 9*y + 1. What is the units digit of l(-9)?
1
Let h = 32 + 8. What is the tens digit of h?
4
Let b be ((-4)/12)/((-1)/(-3)). Let p be b/(((-3)/(-30))/(-1)). What is the units digit of 66/p + (-10)/(-25)?
7
Let v(u) = -6 + u**2 + 2*u - u + 3*u. What is the units digit of v(4)?
6
Let u(c) = -6*c + 1. Let b be u(1). Let k = b - -32. What is the units digit of 318/k - (-2)/9?
2
Let h(i) = i**3 + 6*i**2 + i + 7. What is the units digit of h(-6)?
1
What is the units digit of 40/(-6)*(-84)/10?
6
Let q(a) = 4*a**2 - 8*a - 6. Let w be q(6). Let h be 2 - 7/((-21)/w). Let m = h + -21. What is the tens digit of m?
1
Let t = -21 + 34. Let m = 38 - t. What is the tens digit of m?
2
Suppose -3*p - 5*k = 65, k + k + 68 = -4*p. Let r = -7 - p. What is the units digit of (0 + 1)/(2/r)?
4
Let g = 14 - -8. What is the units digit of g?
2
Let v = 206 - 124. What is the units digit of v?
2
Let i(c) be the first derivative of c**2 - c - 3. What is the units digit of i(3)?
5
Let j be 2*((-6)/4 + -2). Let d = 29 + j. What is the tens digit of d?
2
Let q(i) = i**3 - 9*i**2. Let d be q(9). Suppose 3*w + d*w = 12. What is the units digit of (6/w)/((-18)/(-96))?
8
Let q = -4 - -7. Suppose -2*w + 5*c = 3*w - 20, -q*w + 5*c + 14 = 0. Let k(z) = z + 3. What is the units digit of k(w)?
6
Suppose 3*u + 6 = -2*y + 23, 4*y - 24 = -4*u. Suppose 2*t - 3*i - 5 = 16, -3*t = u*i - 79. What is the units digit of t?
8
Let z(h) = -11*h + 16. What is the units digit of z(-5)?
1
Let x = -95 - -273. What is the units digit of x?
8
Let r be 4/2*1*2. Suppose -78 = -5*x + 12. Suppose -2 = -r*z + x. What is the units digit of z?
5
Suppose 2*x = 4*y + 10, 3*x - 15 = 4*y - 2. Suppose 5 = x*n - 28. What is the units digit of n?
1
Suppose 0*w = 5*u - 4*w - 8, 3*u + w = 15. Suppose 2*g - 132 = -5*x, -3*g + g - 120 = -u*x. Let i = x - 16. What is the tens digit of i?
1
Let y = 15 + -8. Let h = 4 + y. What is the tens digit of h?
1
Let y = 14 + 4. What is the units digit of y?
8
Let r be (-12)/(-16)*32/12. Suppose -y + 21 = 4*b, -b - 86 = -r*y + 2*b. What is the units digit of y?
7
Suppose 5*y - 425 = -40. What is the units digit of y?
7
Let f(n) be the first derivative of n**6/360 - n**5/24 + 7*n**4/24 + n**3 + 3. Let a(d) be the third derivative of f(d). What is the units digit of a(5)?
7
Let f(i) = -9*i - 4. What is the units digit of f(-14)?
2
Suppose g - 1 = 59. What is the units digit of g?
0
Suppose -7*h - 832 = -15*h. What is the tens digit of h?
0
Let c(x) be the second derivative of 5*x**4/3 + x**3/3 + x**2/2 - 4*x. What is the units digit of c(-1)?
9
Let a = 36 - 9. Let n = a + -14. What is the tens digit of n?
1
Suppose -20 = 2*w - 6*w. Suppose -w*y = -0*y - 5. Suppose -14 - y = -3*x. What is the units digit of x?
5
Let d(l) = 12*l**3 + l**2 + l - 1. Let g(x) = x - 1. Let m be g(5). Suppose 0 = 3*r - m*t - 23, r = -5*t - 6 - 18. What is the units digit of d(r)?
3
Suppose 0*f = -f. What is the units digit of (4 - -17) + f + -2?
9
Let w(a) = -7*a - 4. What is the tens digit of w(-3)?
1
Let u = -21 - -34. Let v = u + -8. Suppose 5*w - 10 = v. What is the units digit of w?
3
What is the hundreds digit of (27/(-15))/(6/(-370))?
1
Suppose v - 6*v + 95 = 0. Suppose 2*a = 5*a - h - v, -3*h = 3*a - 15. What is the units digit of a?
6
Suppose 0 = d - 36. Suppose 0 = -5*c + d + 29. What is the tens digit of c?
1
Suppose -12*g + 7*g + 1430 = 0. What is the hundreds digit of g?
2
Let t(s) = -s**3 - 5*s**2 + 6*s + 6. Let v be t(-6). What is the units digit of 220/v + (-1)/(-3)?
7
Suppose 0 = j - 3*j. Suppose -4*q + g = -9, -4*q - 2*g - 5 - 1 = j. Suppose -c + 4 = -q. What is the units digit of c?
5
Let q(h) = -h**2 + 17*h + 15. Let o be q(18). What is the tens digit of o/(-2)*(-184)/(-6)?
4
What is the units digit of -7 - -9 - (1 + -4)?
5
Suppose 3*x - 2*x = 4. Suppose -x*a + 4*i + 117 + 23 = 0, -a + 23 = -4*i. Suppose 5*l = -f + a, l - 2*f - 3 - 7 = 0. What is the units digit of l?
8
Let a(f) = -8*f**3 - 2*f**2 + 4*f**2 + 9*f**3 - 1. Let w be a(1). Suppose z = w*z - 5. What is the units digit of z?
5
Let o = 0 + -2. Let i = o - 17. Let j = i + 27. What is the units digit of j?
8
Let s(l) be the second derivative of -l**4/12 - l**3 + 3*l**2/2 + l. Let c be s(-6). Suppose -c*i - 11 = -38. What is the units digit of i?
9
Let n(t) = 3*t**2 - t. Let q be n(-1). Let r be (0 - 2)/(q/(-10)). Suppose a - 4 = r. What is the units digit of a?
9
Suppose 4*m - 18 = 5*c + 51, c + m + 21 = 0. What is the tens digit of -2 + -1 + 2 - c?
1
Let x = -15 - -29. Let i = x - 7. What is the units digit of i?
7
Let v = 1 + -2. Let n = 9 + v. Suppose 0 = -s + 5*i - n, 4*s + 3*i = s + 12. What is the units digit of s?
2
Suppose 15 - 3 = 4*b. Suppose -13 = -4*s + b*x, 0*x - 14 = -5*s + 3*x. What is the units digit of (-2)/6*s*-3?
1
Let b(i) = i**3 + 4*i**2 - i - 3. Let j be b(-4). Suppose 2*n = o + j + 2, 3*n = 0. Let r = o - -4. What is the units digit of r?
1
Let q(p) = -p**3 + 8*p**2 - 6*p + 7. Suppose -2*c - 1 = -3*z, -3*c = -c - z - 9. What is the units digit of q(c)?
4
What is the tens digit of (-11 - -1)/(10/(-15))?
1
Let f = -9 - -9. Let k be (0 + f)*2/4. Suppose -v = -k*v - 4. What is the units digit of v?
4
Let a = -227 - -324. What is the tens digit of a?
9
Suppose q - 6 = -z, 0 = 8*z - 3*z - q - 6. Let v be z*8/(-2*1). What is the units digit of v/28 - (-18)/14?
1
Let x(h) = 32*h**2 - h. Let a be x(1). Let t be a/5 - 7/35. Let p(k) = k + 5. What is the tens digit of p(t)?
1
Let i = -18 - 6. What is the tens digit of (14/(-6))/(4/i)?
1
Let r = 0 - -5. Suppose r - 29 = -3*a. What is the units digit of a?
8
Let j = -12 + 23. What is the tens digit of j?
1
Let f(r) = 2*r**2 + 7*r - 1. What is the units digit of f(-6)?
9
Suppose 4*s - 143 = 41. What is the units digit of s?
6
Suppose 0 = 3*m - k - 4, 2*m + 2*m + 3 = 3*k. What is the units digit of (-3)/(3/(-42)*m)?
4
Let s(y) = -y**2 - 9*y. Let w(o) = -o**3 + o + 1. Let h be w(2). What is the units digit of s(h)?
0
Let g(y) be the first derivative of 2*y**3/3 - 3*y**2 + 4*y + 6. What is the units digit of g(4)?
2
Let f = 3 - -31. What is the tens digit of f?
3
Let z(t) = -t**2 + 9*t + 3. What is the units digit of z(9)?
3
Suppose p - 4*p + 12 = 0. Suppose a - 33 - 8 = p*m, -4*m = -4. What is the units digit of 104/18 + 10/a?
6
Let v be 1/1*-2 + 1. Suppose 0 = -a - 4*k - 62, -a - 6*k = -k + 63. What is the units digit of v/4 - a/8?
7
Let c = 13 + -7. Suppose 2*v + 10 = 5*r, r + 0*v + 21 = 5*v. Suppose 2 + c = -r*x, 0 = -z - 3*x + 2. What is the units digit of z?
8
Suppose -2*v - 30 = -150. What is the tens digit of v?
6
Suppose -9 = -w + o, 2*o - 3 = -2*w + o. Suppose w*k + 0*k - 12 = 0. Let l = 9 + k. What is the tens digit of l?
1
Let l(q) = 6*q - 53. What is the units digit of l(13)?
5
Suppose 1 + 14 = 3*w. Suppose 13 = w*a - 57. What is the tens digit of a?
1
Let l = 461 - 161. What is the units digit of l?
0
Suppose -4*n = 3 + 1. What is the units digit of -3*2*n + -2?
4
Let w be 39/2 - 15/10. What is the tens digit of 1*w + 3/(-1)?
1
Let c(l) be the third derivative of -l**7/2520 - l**6/180 - l**5/20 + 2*l**2. Let g(q) be the third derivative of c(q). What is the units digit of g(-3)?
2
Let d = -31 - -13. What is the units digit of (-3 - d)*(0 - -2)?
0
Suppose -9*z = -4*z. Let q(i) = -i + 2. What is the units digit of q(z)?
2
Suppose -v - 12 = -4*v. Let i be ((-4)/v)/((-2)/34). Suppose 3*b - 4*u = 52, -b + u = -0*u - i. What is the units digit of b?
6
Let o(i) = i + 13. Let l be o(-7). Suppose 1 + l = v. What is the units digit of v?
7
What is the units digit of 3/(-2) + (-159)/(-6)?
5
Suppose 5*u = 7*u - 4. Suppose -5*t + 86 = 2*g, 2*t + 0*g - 38 = g. Suppose -u*s + t = s. What is the units digit of s?
6
Let b(x) = 5*x**3 - 6*x**2 - 8. Suppose 0*r - 20 = 4*r. Let n(u) = 6*u**3 - 6*u**2 - 8. Let o(g) = r*b(g) + 4*n(g). What is the units digit of o(6)?
8
Suppose 17*u - 854 = 3*u. What is the unit